{"id":2754,"date":"2025-09-14T19:16:09","date_gmt":"2025-09-14T17:16:09","guid":{"rendered":"https:\/\/szit.sklep.pl\/?post_type=product&#038;p=2754"},"modified":"2025-10-14T20:41:50","modified_gmt":"2025-10-14T18:41:50","slug":"bluza-szit","status":"publish","type":"product","link":"https:\/\/szit.sklep.pl\/index.php\/product\/bluza-szit\/","title":{"rendered":"Bluza SZiT"},"content":{"rendered":"\t\t<div data-elementor-type=\"section\" data-elementor-id=\"213\" class=\"elementor elementor-213\">\n\t\t\t<div class=\"elementor-element elementor-element-c30bb82 e-flex e-con-boxed kitify-col-width-auto-no ignore-docs-style-no kitify-disable-relative-no e-root-container elementor-top-section e-con e-parent\" data-id=\"c30bb82\" data-element_type=\"container\" data-e-type=\"container\">\n\t\t\t\t\t<div class=\"e-con-inner\">\n\t\t\t\t\t<\/div>\n\t\t\t\t<\/div>\n\t\t\t\t<\/div>\n\t\t\n","protected":false},"excerpt":{"rendered":"<p data-start=\"74\" data-end=\"366\">Czarna klasyka w nieklasycznym wydaniu! Ta bluza z kapturem to obowi\u0105zkowy element garderoby ka\u017cdego, kto ceni sobie styl, wygod\u0119 i mocny charakter. Na klatce piersiowej dumnie prezentuje si\u0119 wyrazisty nadruk \u201eSZiT Szalony i Ta\u0144cula\u201d \u2013 subskrybuj albo pie*dol si\u0119.<\/p>\n<p data-start=\"368\" data-end=\"609\">Wykonana z mi\u0119kkiej, przyjemnej w dotyku bawe\u0142ny, zapewnia komfort zar\u00f3wno na co dzie\u0144, jak i podczas intensywnych wypad\u00f3w. Obszerny kaptur dodaje jej lu\u017anego charakteru, a czarna kolorystyka sprawia, \u017ce \u0142atwo zestawi\u0107 j\u0105 z ka\u017cd\u0105 styl\u00f3wk\u0105.<\/p>\n<p data-start=\"611\" data-end=\"696\">Ta bluza to nie tylko ciuch \u2013 to manifest. Dla ludzi, kt\u00f3rzy nie boj\u0105 si\u0119 by\u0107 sob\u0105.<\/p>\n","protected":false},"featured_media":2907,"comment_status":"closed","ping_status":"closed","template":"","meta":[],"product_brand":[],"product_cat":[61],"product_tag":[62,60,58,59],"class_list":{"0":"post-2754","1":"product","2":"type-product","3":"status-publish","4":"has-post-thumbnail","6":"product_cat-odziez","7":"product_tag-arkadiusz-tancula","8":"product_tag-szalony-reporter","9":"product_tag-szit","10":"product_tag-tancula","12":"first","13":"instock","14":"taxable","15":"shipping-taxable","16":"purchasable","17":"product-type-variable"},"jetpack_sharing_enabled":true,"_links":{"self":[{"href":"https:\/\/szit.sklep.pl\/index.php\/wp-json\/wp\/v2\/product\/2754","targetHints":{"allow":["GET"]}}],"collection":[{"href":"https:\/\/szit.sklep.pl\/index.php\/wp-json\/wp\/v2\/product"}],"about":[{"href":"https:\/\/szit.sklep.pl\/index.php\/wp-json\/wp\/v2\/types\/product"}],"replies":[{"embeddable":true,"href":"https:\/\/szit.sklep.pl\/index.php\/wp-json\/wp\/v2\/comments?post=2754"}],"wp:featuredmedia":[{"embeddable":true,"href":"https:\/\/szit.sklep.pl\/index.php\/wp-json\/wp\/v2\/media\/2907"}],"wp:attachment":[{"href":"https:\/\/szit.sklep.pl\/index.php\/wp-json\/wp\/v2\/media?parent=2754"}],"wp:term":[{"taxonomy":"product_brand","embeddable":true,"href":"https:\/\/szit.sklep.pl\/index.php\/wp-json\/wp\/v2\/product_brand?post=2754"},{"taxonomy":"product_cat","embeddable":true,"href":"https:\/\/szit.sklep.pl\/index.php\/wp-json\/wp\/v2\/product_cat?post=2754"},{"taxonomy":"product_tag","embeddable":true,"href":"https:\/\/szit.sklep.pl\/index.php\/wp-json\/wp\/v2\/product_tag?post=2754"}],"curies":[{"name":"wp","href":"https:\/\/api.w.org\/{rel}","templated":true}]}}