{"id":2753,"date":"2025-09-14T19:16:08","date_gmt":"2025-09-14T17:16:08","guid":{"rendered":"https:\/\/szit.sklep.pl\/?post_type=product&#038;p=2753"},"modified":"2025-10-18T20:54:44","modified_gmt":"2025-10-18T18:54:44","slug":"smycz-szit","status":"publish","type":"product","link":"https:\/\/szit.sklep.pl\/index.php\/product\/smycz-szit\/","title":{"rendered":"Smycz SZiT Bieluchna"},"content":{"rendered":"\t\t<div data-elementor-type=\"section\" data-elementor-id=\"213\" class=\"elementor elementor-213\">\n\t\t\t<div class=\"elementor-element elementor-element-c30bb82 e-flex e-con-boxed kitify-col-width-auto-no ignore-docs-style-no kitify-disable-relative-no e-root-container elementor-top-section e-con e-parent\" data-id=\"c30bb82\" data-element_type=\"container\" data-e-type=\"container\">\n\t\t\t\t\t<div class=\"e-con-inner\">\n\t\t\t\t\t<\/div>\n\t\t\t\t<\/div>\n\t\t\t\t<\/div>\n\t\t\n","protected":false},"excerpt":{"rendered":"<p data-start=\"70\" data-end=\"375\">Praktyczny gad\u017cet w mocnym stylu! Bieluchna smycz do kluczy z nadrukiem \u201eSZiT Szalony i Ta\u0144cula\u201d to nie tylko funkcjonalny dodatek, ale te\u017c wyrazisty element codziennego outfitu. Dzi\u0119ki solidnemu zapi\u0119ciu bezpiecznie utrzymasz klucze, identyfikator czy kart\u0119, a charakterystyczny nadruk poka\u017ce, \u017ce masz sw\u00f3j vibe.<\/p>\n<p data-start=\"377\" data-end=\"488\">Lekka, wygodna i zawsze pod r\u0119k\u0105 \u2013 idealna dla tych, kt\u00f3rzy lubi\u0105 \u0142\u0105czy\u0107 praktyczno\u015b\u0107 z oryginalnym designem.<\/p>\n","protected":false},"featured_media":2923,"comment_status":"closed","ping_status":"closed","template":"","meta":[],"product_brand":[],"product_cat":[63],"product_tag":[62,60,58,59],"class_list":{"0":"post-2753","1":"product","2":"type-product","3":"status-publish","4":"has-post-thumbnail","6":"product_cat-gadzety","7":"product_tag-arkadiusz-tancula","8":"product_tag-szalony-reporter","9":"product_tag-szit","10":"product_tag-tancula","12":"first","13":"instock","14":"taxable","15":"shipping-taxable","16":"purchasable","17":"product-type-simple"},"jetpack_sharing_enabled":true,"_links":{"self":[{"href":"https:\/\/szit.sklep.pl\/index.php\/wp-json\/wp\/v2\/product\/2753","targetHints":{"allow":["GET"]}}],"collection":[{"href":"https:\/\/szit.sklep.pl\/index.php\/wp-json\/wp\/v2\/product"}],"about":[{"href":"https:\/\/szit.sklep.pl\/index.php\/wp-json\/wp\/v2\/types\/product"}],"replies":[{"embeddable":true,"href":"https:\/\/szit.sklep.pl\/index.php\/wp-json\/wp\/v2\/comments?post=2753"}],"wp:featuredmedia":[{"embeddable":true,"href":"https:\/\/szit.sklep.pl\/index.php\/wp-json\/wp\/v2\/media\/2923"}],"wp:attachment":[{"href":"https:\/\/szit.sklep.pl\/index.php\/wp-json\/wp\/v2\/media?parent=2753"}],"wp:term":[{"taxonomy":"product_brand","embeddable":true,"href":"https:\/\/szit.sklep.pl\/index.php\/wp-json\/wp\/v2\/product_brand?post=2753"},{"taxonomy":"product_cat","embeddable":true,"href":"https:\/\/szit.sklep.pl\/index.php\/wp-json\/wp\/v2\/product_cat?post=2753"},{"taxonomy":"product_tag","embeddable":true,"href":"https:\/\/szit.sklep.pl\/index.php\/wp-json\/wp\/v2\/product_tag?post=2753"}],"curies":[{"name":"wp","href":"https:\/\/api.w.org\/{rel}","templated":true}]}}